, 35*k = 4*d + 38*k - 88. Let g = -69 + 125. What is the remainder when g is divided by d?
18
Let z(d) = -d**2 + 4*d - 3. Let i be z(4). Let u(s) = s**3 + 9*s**2 - 14*s + 1. Calculate the remainder when u(-10) is divided by (-7)/i*3*3.
20
What is the remainder when 4 is divided by 3*((-5)/3)/(-5)?
0
Suppose -11 = -3*m + 2*h, -2*m + 0*h = -4*h - 2. Suppose -2*o = -5*p - 0*o + 34, -9 = -3*o. What is the remainder when p is divided by m?
3
Suppose -g + y - 22 = -5*g, 10 = 5*y. What is the remainder when (-50)/(-6) - 2/6 is divided by g?
3
Let j be 1/2*4 + 0. Suppose -t - j*n + 7*n + 47 = 0, 0 = 3*t + 2*n - 124. Suppose 0 = -4*r - 63 + 107. Calculate the remainder when t is divided by r.
9
Suppose 8 = 3*d - 43. What is the remainder when d is divided by 27*(12/9 - 1)?
8
Let t = -9 + 8. What is the remainder when 21 is divided by (1 + 1 + t)*12?
9
Let q(z) = -z**3 + z + 1. Let b(w) = 5*w**3 - 7*w - 3. Let y(x) = b(x) + 4*q(x). Let t(g) = 3*g + 1. Calculate the remainder when t(1) is divided by y(2).
1
Let z = -5 + 26. What is the remainder when 41 is divided by z?
20
Suppose -2 - 51 = 2*p - 3*z, p - 5*z = -44. Let l = 8 + -19. Let y = l - p. Calculate the remainder when 21 is divided by y.
5
Let y(s) be the first derivative of -s**2 - 7*s + 1. Calculate the remainder when 25 is divided by y(-8).
7
Suppose -2*z + z + 20 = 0. What is the remainder when 77 is divided by z?
17
Let s(w) = w**2 - 6*w - 8. Calculate the remainder when s(8) is divided by 5.
3
Suppose 0*i + 2*i = 6. Let z be (-22)/(-4) + (-12)/(-8). Suppose 4*f + 3 = 3*t + 1, t = -5*f + z. What is the remainder when i is divided by t?
1
Suppose -p = -0*p - 1. Let n = 15 + p. What is the remainder when 61 is divided by n?
13
Let f(r) = -r + 3. Let v = 66 - 61. What is the remainder when v is divided by f(0)?
2
Let q = 5 - 7. Let d(f) = -30*f + 1. What is the remainder when d(q) is divided by 16?
13
Suppose -4*x + 708 = 2*l, -2*x = l - 5*l - 374. What is the remainder when x is divided by 60?
59
Suppose -2*q + 1 = -3*y + 83, 0 = y. Let r = -18 - q. Let g = 11 - 3. Calculate the remainder when r is divided by g.
7
Suppose -26 + 86 = 10*h. Calculate the remainder when 26 is divided by h.
2
Let r(n) = -n**2 - 9*n + 6. Suppose 4*g - 4 = 4. What is the remainder when r(-8) is divided by (0 - g)/((-1)/2)?
2
Suppose f + 3*m + 1 = 4*m, -5*f - m + 19 = 0. Suppose -3*v = f*a - 78, 0 = -2*a + 2*v + v + 27. Calculate the remainder when 62 is divided by a.
20
Suppose -v - 3*b = -b - 16, 0 = -v + 5*b + 37. Calculate the remainder when 86 is divided by v.
20
Suppose 3 = -2*h - 3*b + 15, -3*h + 3 = -3*b. Suppose -4*i + 7 = -z + 18, 3*i = 2*z - 7. What is the remainder when h is divided by (1/i)/((-1)/6)?
1
Suppose 5*k + 2*u + 20 = 0, 3*k - 4 = -4*u - 2. Let f(p) = -2*p**3 + p**2 + p + 1. Let q be f(-1). Calculate the remainder when 15 is divided by 7 - (-2)/k*q.
3
Let q be 0 + (7 - (-1)/(-1)). Let d(a) = 3*a**2 - 4*a + 3. Let t be d(2). Let s = q + t. What is the remainder when 24 is divided by s?
11
Let t = 30 - 14. Suppose -4*b = 2*s - t, 0*b = -3*b + 4*s + 1. Suppose -b*a + 23 = -25. What is the remainder when a is divided by 6?
4
Suppose 13*t - 126 = 7*t. Calculate the remainder when 90 is divided by t.
6
Suppose 37 = 4*x - 11. Calculate the remainder when 69 is divided by x.
9
Let i = 168 - 100. What is the remainder when i is divided by 14?
12
Suppose -2 = 5*x - 6*x. Calculate the remainder when 5 is divided by x.
1
Let o(x) = 3*x**2 - 3*x - 3. What is the remainder when o(-2) is divided by 9?
6
Let u(s) = 15*s + 11. Let i be u(-12). Calculate the remainder when 2/4 + i/(-2) is divided by 22.
19
Let a(j) = -j + 5. Let t = 10 - 8. What is the remainder when t is divided by a(4)?
0
Suppose -2*q + 4*q + 12 = 0. Let n be q/(-15) + (-6)/(-10). What is the remainder when 43 is divided by 14 - 0 - (n - 2)?
13
Let k be 110/25 + 3/5. Suppose 2*f + 75 = k*f. Suppose 4*q - 7*q + 12 = z, -4*q = 5*z - 49. What is the remainder when f is divided by z?
7
Let j = -23 + 41. Suppose l - 179 = -5*w, 0 = -w - 0*l + 4*l + 19. What is the remainder when w is divided by j?
17
Suppose -4*x + 147 + 85 = 0. Calculate the remainder when x is divided by 20.
18
Let p = 0 - -3. Let x = 47 - p. Calculate the remainder when x is divided by 15.
14
Let m = -21 - -35. Calculate the remainder when 54 is divided by m.
12
Let s be (-5)/4*(-12)/3. Let i(r) = -r**2 + 4. Let d be i(s). Let k = -12 - d. What is the remainder when k is divided by 4?
1
Suppose 4*d + d - 110 = 0. What is the remainder when d is divided by 9?
4
Let x = 5 - 1. What is the remainder when (2/x)/((-3)/(-48)) is divided by (5/2)/(5/10)?
3
Suppose -5*o + f = -0*f + 4, -4*o = 3*f - 12. Suppose 0 = -o*m - 4*m. Suppose j - 23 = -m*j. Calculate the remainder when j is divided by 8.
7
Suppose n = 4 - 2. Let d(t) = 19*t - 3. What is the remainder when d(2) is divided by 10 + (n - (1 - 1))?
11
What is the remainder when 46 is divided by (-6*3)/((-6)/4)?
10
Let g = -7 - -13. What is the remainder when 1/2 + (-31)/(-2) is divided by g?
4
Suppose 0 = -5*q - 361 + 66. Let g = -36 - q. Calculate the remainder when g is divided by 4/(-8) - (-50)/4.
11
Suppose 5*s + 69 = 319. Calculate the remainder when 247 is divided by s.
47
Suppose 7*g - 15 = 2*g. Suppose 27 = 4*m + g*v, -3 = m - 3*v - 21. What is the remainder when 25 is divided by m?
7
What is the remainder when (-153)/(-5) - 14/(-35) is divided by 16?
15
Let u = 14 + 27. Suppose -u = -5*a - 6. Calculate the remainder when 26 is divided by a.
5
What is the remainder when 1 - -1 - (-4 - -5) is divided by (-3 - -1) + 2 + 1?
0
Suppose -2*i + 72 = 3*i + 2*f, -4*f = -5*i + 66. What is the remainder when 319 is divided by i?
11
Let f(m) = 63*m**2 + 1. Let r(v) = -4*v - 10. Suppose -2*k - 2*k - 32 = 0. What is the remainder when f(-1) is divided by r(k)?
20
Let x(h) = -h**3 - 7*h**2 - 4*h - 10. What is the remainder when x(-8) is divided by 22?
20
Suppose 0 = -3*a + 5*a - 2. Let y = a - -1. Calculate the remainder when 52/y*(-2)/(-4) is divided by 5.
3
Suppose -k + 996 = 3*k. Suppose -3*a + k = a - 5*i, 0 = a - 3*i - 71. Calculate the remainder when a is divided by 19.
18
Calculate the remainder when 80/4*(-2)/(-8) is divided by 1.
0
Let n(i) = i**2 + 5*i - 2. Let s be n(-6). Suppose a + 45 = 4*a - s*z, a = -z + 22. Suppose 2*u - u - a = 0. Calculate the remainder when u is divided by 10.
9
Let u be -3 - 3*6/9. Calculate the remainder when 20 is divided by u/(-1) + (3 - 1).
6
What is the remainder when 34 is divided by 5 - 1/((-10)/4 + 2)?
6
Suppose 3*d - 70 = -5*m - 0*m, 2*d - 43 = -3*m. Calculate the remainder when m is divided by 3.
2
Let g(a) = 10*a**2. Let z(h) = h**3 + 4*h**2 - 7*h - 7. Let p be z(-5). Suppose -33 + 117 = p*c. What is the remainder when c is divided by g(1)?
8
Suppose 2*d = 11 - 141. Let k = d + 151. Suppose 4*g + t = k, -11 = 2*g + 5*t - 63. Calculate the remainder when g is divided by 11.
10
Suppose 5*k = -5*a + 80, 3*k = 3*a - 30 - 24. Let q(c) = -4*c + 7. What is the remainder when q(-6) is divided by a?
14
Suppose h + 0*h - 3 = 0. Suppose n = -h + 8. What is the remainder when n is divided by 3?
2
Let c(g) = -g**3 - 5*g**2 + 11*g + 8. Suppose -5*n = -n - 40. What is the remainder when c(-7) is divided by n?
9
Let w(p) = -p**3 - 3*p**2 - 2*p + 2. Let l be w(-2). Suppose 2*q - 288 = -l*q. What is the remainder when q is divided by 25?
22
Suppose -2*h - 175 = -2*l - 3*h, -2*l + 3*h + 195 = 0. Calculate the remainder when l is divided by 23.
21
Let c(x) = -x**2 + 15*x - 46. Calculate the remainder when 17 is divided by c(5).
1
Suppose 4*k - 5 = 11. Suppose 4*i + 8 = x, -i + 3*i = 5*x - 4. Suppose -5 = -m - x*m. What is the remainder when m is divided by k?
1
Calculate the remainder when 33 is divided by (-122)/(-10) + -2*4/40.
9
Let s = 62 + -37. Let h = -254 + 384. Calculate the remainder when s is divided by ((-1)/2)/((-5)/h).
12
Let s = -10 - -14. What is the remainder when 19 is divided by s?
3
Let c = 8 + -4. Let i(a) = 5*a**3 - 6*a**2 + 7*a - 4. Let l be i(c). What is the remainder when 10 is divided by 1/(-5) + l/40?
4
Let r be ((-2600)/(-15))/(2/12). Let f be r/35 + (-4)/(-14). Suppose 2*h + 3*b - f = 0, 83 = 3*h - b - 4*b. Calculate the remainder when h is divided by 8.
5
Let v = -51 + 75. Calcula